factor of x and 115.
23
Suppose -o + 4*o + 3*d + 9 = 0, -5*o = 2*d. Let m(z) = -20*z - 2. Let w be m(-1). What is the greatest common divisor of o and w?
2
Suppose -4*b - 3 = -4*d + 1, -2*d + 23 = 5*b. Suppose -392 = -5*m + b*m. What is the highest common factor of m and 28?
28
Suppose -5*o + w + 253 = 0, 4*o + 5*w - 112 = 2*o. Calculate the greatest common divisor of o and 272.
17
Suppose f - y = 6, 0*f = f - 5*y - 10. Suppose f*v - 7*v + 10 = 0. Calculate the highest common divisor of v and 20.
5
Suppose 4*k = -5*d + 5362 - 1232, 2*d - 1652 = k. What is the greatest common factor of 14 and d?
14
Let u = -769 - -849. Calculate the greatest common factor of 320 and u.
80
Let m(s) be the second derivative of -s**3/6 - s**2 + 7*s. Let a be m(-15). Let y = -6 + a. What is the highest common factor of 28 and y?
7
Let p = 2 - 18. Let x be 27/(-6)*p/(-3). Let b = 36 + x. Calculate the highest common factor of b and 12.
12
Let b be (10 - -1258)*(-3)/(-6). Suppose -8*x + 2994 = b. Calculate the greatest common factor of 118 and x.
59
Suppose 0 = t - 3, 2*u - t - 3 = -u. Let y be 3 + (u - (-1 + 3)). Let s be 1 + 1 - y/(-1). Calculate the highest common divisor of 2 and s.
1
Suppose 0 = -5*m - 4*q + 63 + 7, 0 = m - q - 14. Let v(j) = -2*j - 24. Let r be v(-13). What is the highest common divisor of r and m?
2
Let v(s) = -s**2 - 11*s + 4. Let w be v(-7). Let p(h) = -h + 14. Let a be p(10). What is the greatest common divisor of w and a?
4
Let m(p) = -p**2 - 6*p + 1. Let g(i) = -2*i**2 + 11*i + 16. Let c be g(7). Let j be m(c). What is the highest common factor of j and 6?
6
Let w = 587 - 544. Calculate the highest common factor of w and 559.
43
Let z = 2 + 31. Let c be 44/(4/(-2))*-1. What is the greatest common divisor of z and c?
11
Suppose 2*m - 23 = -3*v, 0 = m - 5*v + v + 16. Suppose -m*x = -5*x + 13. Calculate the highest common divisor of 13 and x.
13
Let y(m) = 3*m**2 + 5*m - 11. Let l be y(-5). Suppose 7*z - 3*o + l = 10*z, 0 = 2*o - 2. Calculate the highest common factor of z and 60.
12
Suppose 258 = -76*g + 82*g. Calculate the greatest common divisor of 86 and g.
43
Suppose 0 = 2*y - 0*y - 3*o + 32, 0 = 4*y - 2*o + 48. Let w = y + 11. What is the highest common divisor of 7 and w?
1
Let s be 1 + 40/(-5) - -167. What is the highest common factor of s and 24?
8
Let v be ((-27)/6)/(3/(-60)). Suppose 4*j = 5*j - v. What is the highest common factor of j and 10?
10
Suppose -5*o + 3*o = -190. Calculate the greatest common factor of 285 and o.
95
Suppose -3*z = -3*l - 612, 3*z - 816 + 222 = -3*l. What is the highest common factor of z and 1139?
67
Let i(c) = 10*c - 66. Let w be i(13). Let y = -52 + w. Let q(r) = -r**3 - r**2 + 12. Let l be q(0). Calculate the highest common factor of y and l.
12
Let k(n) be the first derivative of 12*n**2 + 8*n + 3. Let t be k(8). What is the greatest common divisor of t and 40?
40
Let f = -25 + -6. Let r = f + 45. Calculate the greatest common divisor of r and 14.
14
Let o be 162/(-4) + (-6)/4. Let a = -20 - o. What is the highest common factor of 2 and a?
2
Suppose 2*l - 240 = -5*n, -12*n + 11*n - l = -48. What is the greatest common factor of 8 and n?
8
Suppose -w = 3*s + 2*s - 24, 5*s = -3*w + 52. Suppose 0 = -z + 2*m + w - 4, m - 30 = -3*z. What is the greatest common factor of 90 and z?
10
Let n be (-765)/90*(-23 + -1). Calculate the highest common factor of 85 and n.
17
Let t(b) = 2*b**2 - 63*b + 66. Let f be t(31). What is the highest common factor of f and 25?
5
Suppose -60 = -m - 2*m. Suppose 0*o - 2*o - 3*b = -223, 0 = -4*b - m. What is the highest common factor of o and 34?
17
Let r be 8*-10*(-6 - -4). Let t be r/15*9/4. What is the greatest common factor of t and 24?
24
Let v be 103 + (-1 - (-30)/(-6)). Calculate the highest common factor of v and 679.
97
Let o = -97 - -150. Let a = 121 - 20. Let l = a - o. Calculate the highest common divisor of 24 and l.
24
Suppose 1173 = -3*y + 1836. Calculate the highest common divisor of 65 and y.
13
Let h be (-2)/4*(-3 - -3). Suppose h = 14*z - 10*z - 104. Calculate the greatest common factor of 182 and z.
26
Let b = -319 + 328. Calculate the greatest common divisor of 2124 and b.
9
Let d(q) = -q**2 + 33*q + 15. Let t be d(30). What is the greatest common factor of t and 21?
21
Let a be (952/51)/((-2)/(-3)). What is the greatest common divisor of 98 and a?
14
Let k(l) = l**2 - 11*l + 4. Let f be ((44/6)/(10/15))/1. Let i be k(f). What is the highest common factor of 8 and i?
4
Suppose -2*y = -4*y - d + 123, -2*y = 2*d - 118. What is the highest common factor of y and 16?
16
Suppose 4*z - 103 = -p, 3*p - 167 - 174 = 4*z. Calculate the greatest common divisor of p and 74.
37
Let d = -138 + 234. Calculate the highest common factor of d and 84.
12
Let c(j) = j**2 - 4*j - 7. Let r = -4 + 11. Let v be c(r). Suppose v + 26 = 4*m - 2*x, -3*m + 44 = 2*x. Calculate the highest common factor of m and 30.
6
Let n be ((6 - 4) + -1)*3. Suppose -n*t = 4*o - 22, 7 + 9 = 2*o + 4*t. Suppose 8 = -o*b + 16. What is the greatest common divisor of 10 and b?
2
Let j = -404 + 409. Calculate the greatest common factor of j and 235.
5
Suppose 246 = i - 4*i. Let a = -52 - i. Suppose -13*b - a = -16*b. What is the greatest common divisor of b and 10?
10
Suppose -2*a + 3*w + 244 = 0, -a + 4*w + 115 = -12. Suppose 0 = -2*i - 11 + 45. Calculate the greatest common divisor of i and a.
17
Let c be (-20)/8*126/(-35). Calculate the highest common factor of c and 162.
9
Let q be ((-14)/(-21))/(-3*(-6)/4158). What is the highest common divisor of 132 and q?
22
Let f(u) = 28*u + 6. Let a be f(-4). Let g = -28 - a. Calculate the greatest common factor of 117 and g.
39
Let f(u) = 9*u**2 + 112*u + 52. Let v be f(-12). Calculate the highest common factor of v and 588.
4
Let z be 6 + (-4 - -2) - (-5 + -7). Suppose 62 = a + j - 61, 10 = -2*j. Calculate the greatest common divisor of z and a.
16
Let q(l) = -66*l + 22. Let x be q(-6). What is the greatest common factor of x and 22?
22
Suppose -2*p = 4*b + 34, -b + 3*p = -0*b - 2. Let q = b - -34. Calculate the highest common factor of q and 18.
9
Let q be ((-292)/14)/((4/(-7))/4). What is the greatest common divisor of 1387 and q?
73
Let s(p) = p + 4. Let b be s(6). Suppose 30*h = 31*h + 115. Let z = -75 - h. What is the greatest common factor of b and z?
10
Suppose -s = 4*r - 5*r - 8, -20 = -5*s + r. Calculate the greatest common divisor of 24 and s.
3
Suppose 40*l = 69*l - 435. Let k = 33 + -23. Calculate the highest common factor of l and k.
5
Let g(a) = 3*a + 45. Let h(o) = 4*o + 45. Let i(u) = 5*g(u) - 4*h(u). Let n be i(19). Calculate the highest common divisor of n and 39.
13
Let l(w) = -27*w + 86. Let y be l(3). Suppose 0 = -4*n + 2*n + 40. Calculate the highest common factor of y and n.
5
Let i(l) = 7 - 23 + 14 + 7*l**2 + l. Let f be i(-2). What is the greatest common factor of f and 24?
24
Let d = 0 + -8. Let l be (-2)/(d/44)*9. Calculate the highest common divisor of 9 and l.
9
Let i(w) = w**3 - w**2 + 2. Let o be i(0). Suppose o*y + 0*y = -8. Let p(b) = -9*b + 4. Let t be p(y). What is the highest common divisor of 8 and t?
8
Suppose w + 4 = 4*j + 18, 2*j - 42 = -3*w. Suppose -42 = 10*q + 28. Let l = w - q. Calculate the greatest common divisor of 3 and l.
3
Let a be (-2 + 8 - 6) + 6 + 1. What is the highest common divisor of 1099 and a?
7
Let c = 84 + -82. Let k be 9 - c/(-1)*2/4. What is the greatest common factor of 70 and k?
10
Let k(a) = a**3 - 10*a**2 - 2*a + 23. Let q be k(10). Let p = 18 + -12. Let o = 27 - p. Calculate the greatest common factor of o and q.
3
Let x = 1784 + -1768. Suppose 2*f - 12 = j, -3*f + 2*j + 19 = -1. Calculate the greatest common factor of x and f.
4
Let u(l) = -l**3 + 19*l**2 - l + 5. Let v be u(19). Let z = v - -48. What is the highest common factor of z and 68?
34
Let p(o) = 9*o + 28. Let x be p(0). What is the greatest common divisor of 14 and x?
14
Let q be (0 - 1) + (-135)/(-5). Let m = q + -9. Calculate the greatest common factor of m and 85.
17
Suppose -1320 = 21*w - 25*w. Let n be 542/4 + (-5)/10. Suppose -5*r + 159 = -3*z, r + 3*r = 5*z + n. What is the highest common divisor of w and r?
30
Suppose 270 = 25*s - 19*s. What is the highest common factor of 63 and s?
9
Suppose 6*m = 89 + 277. Suppose 4*q 